se
Suppose -3694 - 1100 = 2*f. Let y = f - -3716. Is y a prime number?
True
Suppose -380*q = -344*q - 5957604. Is q a prime number?
False
Let d(v) be the second derivative of 5*v - 9/2*v**2 + 229/3*v**3 + 0. Is d(2) a prime number?
True
Suppose 0 = 3*b - h - 8, -2*b + 5*b = -3*h - 12. Let s be b*4*34073/26. Let t = s - 2847. Is t a prime number?
False
Let l(c) be the first derivative of -27*c**5/40 - 55*c**4/24 + c**3/3 - 34. Let q(g) be the third derivative of l(g). Is q(-24) prime?
True
Let j = 419156 + -77545. Is j composite?
True
Let q(c) = -18978*c - 949. Is q(-15) composite?
False
Let z(r) = 2*r**2 + 442*r - 31. Is z(136) composite?
False
Suppose 32*y + 540532 - 5467038 = 6*y. Is y a composite number?
True
Let z(d) = 7*d**3 - 68*d**2 - 29*d + 25. Is z(30) composite?
True
Suppose 1 = 4*t - 7. Suppose t*s + 4*s - 1158 = 0. Let a = s - 108. Is a a prime number?
False
Let r = -563497 - -790474. Is r a prime number?
False
Let g be 6/(4/(-2)) + -2. Let t be (g + (-3 - -12))/(0 + 1). Suppose -5*w + 4*d = -5313, d - t*d - 6 = 0. Is w a prime number?
True
Let a(x) = 2*x**3 - 8*x**2 + 6*x + 11. Suppose -3*n = -3*t, 6*n - 5*t - 15 = 4*n. Let i be a(n). Let o = i - -726. Is o prime?
True
Let x = -1010 - -1005. Let v(q) = 1608*q**2 - 26*q - 97. Is v(x) composite?
True
Suppose 3518152 = 40*g - 1787088. Is g a composite number?
False
Suppose 8*o = o - 105. Let c = 15 + o. Suppose -2*s + 1726 = 3*z, 2*s = 4*z - c*z + 1754. Is s a composite number?
True
Is (-843077)/(-4)*(730/803)/(5/22) a prime number?
False
Let w(u) = -2428*u - 67. Let p be w(-6). Let i = -8334 + p. Is i a composite number?
True
Let r = -3 + -1. Let w = 11 + r. Is w - 4 - 0 - -100 a prime number?
True
Suppose 3982719 = -48*g - 2061585. Is g/21*-6 + -7 prime?
False
Is -326446*52/(-78)*(-3)/(-4) prime?
True
Let f(v) = -855*v + 3961. Is f(-48) a prime number?
False
Let y(k) = -k - 16. Suppose -57*s + 60*s + 60 = 0. Let p be y(s). Suppose -2*m + 3673 = 3*m + p*f, -739 = -m - 3*f. Is m prime?
True
Is 39426 - 66/(3 - 9) a prime number?
False
Suppose 1159 + 37788 = 3*t - 4*q, -4*t - 4*q = -51920. Is t composite?
True
Let f(b) = -2*b**3 - b**2 + 8*b + 9. Let t be f(-2). Suppose 29040 = t*j - 5*q + 4*q, 4*j - 2*q = 23238. Is j a prime number?
True
Let w(u) = -795*u**3 - u**2 - 16*u + 13. Let l(h) = 3974*h**3 + 6*h**2 + 83*h - 64. Let x(y) = 2*l(y) + 11*w(y). Is x(-4) a composite number?
True
Suppose r = 3*a + 13312, -a = 8*r - 5*r - 39986. Let g = 6406 + r. Is g a composite number?
True
Let g(j) = -310*j - 219. Let s(z) = z - 49. Let y be s(29). Is g(y) a composite number?
False
Let y(k) = 52*k**2 - 183*k - 143. Is y(-30) composite?
False
Let x(b) = -3194*b + 6839. Is x(-66) composite?
False
Let w(t) = -40*t**2 + 8*t + 31. Let l(f) = 19*f**2 - 5*f - 14. Let n(q) = 7*l(q) + 3*w(q). Let j = 1 + -11. Is n(j) a composite number?
True
Let t(q) = -q**3 - 7*q**2 + 24*q + 21. Suppose -4*s = -4*h - 40, 3*h - 2*s + s = -28. Let u be t(h). Is (u/6)/(2/(-20)) a composite number?
True
Let c = -55885 + 82356. Is c a prime number?
False
Let q be 3 + (1 - 0) + 0 + -2. Let o(j) = j**2 + j. Let i be o(q). Suppose 4*g = 4*y + 648, -445 = -3*g - 4*y + i. Is g a composite number?
False
Suppose -8*x - 5 = -37. Is (-470)/(4/2 - x) a composite number?
True
Let j = 51483 + -26644. Is j composite?
True
Let t(a) = -7*a**3 + 21*a**2 - 67*a - 177. Is t(-38) composite?
False
Suppose -2*c + 37790 = -22304. Is c composite?
False
Let t = 125 - 127. Is 35/(-75)*-3*(-14390)/t composite?
True
Suppose -3826278 - 14352346 = 298*o - 362*o. Is o composite?
False
Is (-5)/20 + (-416826)/(-8) a prime number?
True
Let b(q) be the first derivative of 6*q**3 - q**2/2 - 5*q - 16. Let k be b(-5). Suppose 5*h + 5*n = k, -5*h + n = -3*n - 459. Is h composite?
True
Is (1476118/(-8))/(6/8 - 1) a prime number?
False
Suppose 28*v + 1318 - 478 = 0. Let d(i) = i**2 + 25*i - 29. Is d(v) a prime number?
False
Let l = 57780 - -273929. Is l a prime number?
False
Suppose 44*a = 2*i + 46*a - 121720, -4*i + 243431 = -5*a. Is i prime?
True
Let n = -241 - -248. Suppose -n*g + 6995 + 4331 = 0. Is g a composite number?
True
Is (-1439239)/(-13) - 288/(-936) prime?
True
Suppose 0 = -24*f + 16*f - 17456. Let k = f - -11187. Is k composite?
True
Suppose y - 10 - 8 = -4*z, 0 = z - 2*y. Suppose z*v + 23*v = 21249. Is v composite?
False
Suppose 2*j = -2*o + 171094, -5*o + 4*j + 339122 = -88631. Is o a composite number?
False
Suppose 18*r - 20*r = v - 634518, 3*r - 3*v - 951759 = 0. Is r a prime number?
True
Let o = 503667 + -338330. Is o a prime number?
False
Suppose -95*u + 221039 = -1731686. Is u a prime number?
False
Let i(a) = 10*a**3 - 41*a**2 + 22*a - 40. Let v(t) = -3*t**3 + 13*t**2 - 7*t + 13. Let u(d) = 2*i(d) + 7*v(d). Is u(6) a prime number?
True
Suppose 7*t = 8*t - 269. Let h(c) = -57*c**3 - c**2 + 2*c + 2. Let y be h(-1). Suppose -5*l - 2*i + 201 + y = 0, 0 = 5*l - i - t. Is l prime?
True
Suppose -2*q - 13 = -5*v + 3, v = -4*q - 10. Let p be -2 - q - -3 - 0 - -4. Suppose -p*x = -6997 - 3891. Is x a composite number?
False
Let v be 1 + (-1072)/(-88) + 2/(-11). Suppose 0 = -14*y + v*y + 3333. Suppose -5559 = -5*u - 4*w, 0 = -3*u - 0*u - 3*w + y. Is u prime?
False
Suppose -50*b = -49*b - 272. Suppose 5*f - n - b = 316, 116 = f - n. Is f a prime number?
False
Suppose -14 = 2*j - 6, 8026 = 3*g - 4*j. Suppose -y + 9665 = -g. Is y prime?
False
Suppose 0 = 83*m - 200*m + 7775235. Is m a prime number?
False
Suppose 3*y - 54384 = i + 1572308, -4*i = 4*y - 2168928. Is y prime?
False
Let g be 66/4*(1581/9 + 7). Suppose g = 20*q - 17046. Is q composite?
True
Is ((2/(-16))/(41/1558))/((-21)/731388) a prime number?
False
Suppose f + 108 = b + 599, -2*b - 5*f = 968. Is 32/(1 + -9) - (b + 0) prime?
False
Suppose 3*l + 1777824 = 9*d, -21*d + 16*d + 2*l = -987679. Is d a composite number?
True
Let d(q) = 12*q + 69. Let m be d(-4). Suppose 20*a = m*a, -4*s + 13732 = 5*a. Is s a prime number?
True
Is 2/(-1)*(5039926/(-28) + (-11)/77) a composite number?
True
Suppose 286 = 4*t + 1990. Let u = 807 + t. Is u a composite number?
True
Is 123/41*(1/3)/((-9)/(-350019)) a composite number?
False
Suppose y - 6*y + 30 = 0. Suppose 5*m = -2*o + 2569, -3 = m - y. Is o prime?
True
Suppose -4*p - 79 = 285. Let r = -88 - p. Suppose -r*f - 6326 = -5*s, -4*s + f + 6322 - 1257 = 0. Is s a composite number?
True
Suppose -2*f = 2*l - 77812, 3*l = 184*f - 181*f + 116700. Is l prime?
True
Suppose 44*p - 1247745 = 829891. Is p prime?
False
Is (-9 + 8)*-4*(-85161)/(-4) prime?
False
Let m(u) = -7*u - 12*u + 66*u + 99*u + 1. Let k be 8 + -4 + -1 - 3/3. Is m(k) a composite number?
False
Let x(a) = 8803*a - 3039. Is x(16) a composite number?
True
Suppose 3*r - 6 = 5*a + 7, -5*r - 3 = 4*a. Let v be (a + 4)*72/16. Is v + -7 + (0 - 1115/(-1)) prime?
True
Let h = -308917 + 546248. Is h composite?
False
Let w be ((-14)/4)/((-11)/7062). Suppose -4*n + 0*j - 4*j = -1796, -5*n = 4*j - w. Let i = 2154 - n. Is i prime?
False
Suppose -195*t + 18*t = 32*t - 1679315. Is t a prime number?
False
Suppose 0 = -6*x + x - 20. Let a be 6*x/(-8) + (9 - 0). Is (-1 - -87)*66/a prime?
False
Let s(a) = -a**3 + 6*a**2 - 13*a**2 - 1 + 2 + 10*a**2 + 4*a. Let i be s(4). Let x(f) = 614*f - 1. Is x(i) a composite number?
False
Suppose 5*h = 4*h + 5. Suppose 0 = -h*v - 4*w + 8775, -3*v + 6*v + w - 5258 = 0. Let b = v + -94. Is b composite?
False
Suppose -3*j + 64 = -j. Let k = -685 - -2495. Suppose k = j*r - 30*r. Is r composite?
True
Let c(z) = 89*z**2 - 3*z + 7. Let m be c(5). Suppose -137*p - 155*p + 17 = 309. Is 8/28 - p/7*m a composite number?
False
Suppose 1535 = 4*c - 12661. Let i = 6120 - c. Is i a prime number?
False
Let i = -483546 - -746219. Is i a composite number?
True
Let j = 67067 - 38589. Suppose -24274 = -5*g + h + 46937, 2*g - 2*h = j. Is g a composite number?
False
Let y be -1301*((-6 - -3) + 2). Suppose b - y - 2646 = 0. Let g = 6942 - b. Is g a prime number?
False
Let j(x) = -20*x**2 + 16*x - 60. Let a be j(14). Let u = a - -6479. Is u prime?
False
Let q(s) = 4*s**2 + 14*s + 749. Is q(-72) composite?
False
Let g(f) = 147*f**2 - 13*f + 21. Let t be ((-4)/(8/6))/(6/(-20)). Is g(t) a prime number?
True
Let m = 98785 + 4489. Is m composite?
True
Let g be 1926/(-214)*(-74 + 1)*-1. Let x = g + 664. Is x a prime nu